{"id":940,"date":"2021-10-06T17:17:45","date_gmt":"2021-10-06T15:17:45","guid":{"rendered":"https:\/\/www.naiakitsu.fr\/?post_type=product&#038;p=940"},"modified":"2022-12-13T09:51:04","modified_gmt":"2022-12-13T08:51:04","slug":"polo-homme","status":"publish","type":"product","link":"https:\/\/dev.naiakitsu.fr\/dev1\/produit\/polo-homme\/","title":{"rendered":"* Polo homme"},"content":{"rendered":"<p>Les polos Col Mao Homme, chez Naiakitsu ont un c\u00f4t\u00e9 chic ou d\u00e9contract\u00e9 en fonction du pantalon avec lequel vous l&#8217;associez. Nous avons s\u00e9lectionn\u00e9 un coton Milano (315 g) tr\u00e8s \u00e9l\u00e9gant et confortable, qui rend notre polo col Mao unique ! Votre Polo vous ouvre les portes de la cr\u00e9ativit\u00e9 en lui ajoutant en fonction de votre humeur ou des circonstances un col Italien, une capuche, un bracelet, des manches longues. Les combinaisons sont multiples entre couleurs, mati\u00e8res et accessoires.<\/p>\n<p>&nbsp;<\/p>\n","protected":false},"excerpt":{"rendered":"<p>Les polos Col Mao Homme, chez Naiakitsu ont un c\u00f4t\u00e9 chic ou d\u00e9contract\u00e9 en fonction du pantalon avec lequel vous l&#8217;associez. Nous avons s\u00e9lectionn\u00e9 un coton Milano (315 g) tr\u00e8s \u00e9l\u00e9gant et confortable, qui rend notre polo col Mao unique ! Votre Polo vous ouvre les portes de la cr\u00e9ativit\u00e9 en lui ajoutant en fonction [&hellip;]<\/p>\n","protected":false},"featured_media":15907,"template":"","meta":[],"product_cat":[15,119,128,117,170,171,115,130],"product_tag":[],"composite_virtual":false,"composite_layout":"","composite_add_to_cart_form_location":"","composite_editable_in_cart":false,"composite_sold_individually_context":"","composite_shop_price_calc":"","composite_components":[],"composite_scenarios":[],"bundled_by":[],"bundle_stock_status":"instock","bundle_stock_quantity":null,"bundle_virtual":false,"bundle_layout":"","bundle_add_to_cart_form_location":"","bundle_editable_in_cart":false,"bundle_sold_individually_context":"","bundle_item_grouping":"","bundle_min_size":"","bundle_max_size":"","bundled_items":[],"acf":[],"yoast_head":"<!-- This site is optimized with the Yoast SEO plugin v19.10 - https:\/\/yoast.com\/wordpress\/plugins\/seo\/ -->\n<title>* Polo homme - naiakitsu<\/title>\n<meta name=\"description\" content=\"Ce polo Naiakitsu, en haut de gamme et son concept unique d&#039;accessoires amovibles se faufille partout et passe de l&#039;\u00e9l\u00e9gance \u00e0 la d\u00e9tente. Un polo + des accessoires (cols, capuches, manches, bracelets) = des dizaines de v\u00eatements possibles. en made in France.\" \/>\n<meta name=\"robots\" content=\"index, follow, max-snippet:-1, max-image-preview:large, max-video-preview:-1\" \/>\n<link rel=\"canonical\" href=\"https:\/\/dev.naiakitsu.fr\/dev1\/produit\/polo-homme\/\" \/>\n<meta property=\"og:locale\" content=\"fr_FR\" \/>\n<meta property=\"og:type\" content=\"article\" \/>\n<meta property=\"og:title\" content=\"* Polo homme - naiakitsu\" \/>\n<meta property=\"og:description\" content=\"Ce polo Naiakitsu, en haut de gamme et son concept unique d&#039;accessoires amovibles se faufille partout et passe de l&#039;\u00e9l\u00e9gance \u00e0 la d\u00e9tente. Un polo + des accessoires (cols, capuches, manches, bracelets) = des dizaines de v\u00eatements possibles. en made in France.\" \/>\n<meta property=\"og:url\" content=\"https:\/\/dev.naiakitsu.fr\/dev1\/produit\/polo-homme\/\" \/>\n<meta property=\"og:site_name\" content=\"naiakitsu\" \/>\n<meta property=\"article:modified_time\" content=\"2022-12-13T08:51:04+00:00\" \/>\n<meta property=\"og:image\" content=\"https:\/\/dev.naiakitsu.fr\/dev1\/wp-content\/uploads\/Naiakitsu_IleDeRe_13-14mai2022_AnneBiedPhotographe-293.jpg\" \/>\n\t<meta property=\"og:image:width\" content=\"1600\" \/>\n\t<meta property=\"og:image:height\" content=\"1600\" \/>\n\t<meta property=\"og:image:type\" content=\"image\/jpeg\" \/>\n<meta name=\"twitter:card\" content=\"summary_large_image\" \/>\n<meta name=\"twitter:label1\" content=\"Dur\u00e9e de lecture estim\u00e9e\" \/>\n\t<meta name=\"twitter:data1\" content=\"1 minute\" \/>\n<script type=\"application\/ld+json\" class=\"yoast-schema-graph\">{\"@context\":\"https:\/\/schema.org\",\"@graph\":[{\"@type\":\"WebPage\",\"@id\":\"https:\/\/dev.naiakitsu.fr\/dev1\/produit\/polo-homme\/\",\"url\":\"https:\/\/dev.naiakitsu.fr\/dev1\/produit\/polo-homme\/\",\"name\":\"* Polo homme - naiakitsu\",\"isPartOf\":{\"@id\":\"https:\/\/dev.naiakitsu.fr\/dev1\/#website\"},\"datePublished\":\"2021-10-06T15:17:45+00:00\",\"dateModified\":\"2022-12-13T08:51:04+00:00\",\"description\":\"Ce polo Naiakitsu, en haut de gamme et son concept unique d'accessoires amovibles se faufille partout et passe de l'\u00e9l\u00e9gance \u00e0 la d\u00e9tente. Un polo + des accessoires (cols, capuches, manches, bracelets) = des dizaines de v\u00eatements possibles. en made in France.\",\"breadcrumb\":{\"@id\":\"https:\/\/dev.naiakitsu.fr\/dev1\/produit\/polo-homme\/#breadcrumb\"},\"inLanguage\":\"fr-FR\",\"potentialAction\":[{\"@type\":\"ReadAction\",\"target\":[\"https:\/\/dev.naiakitsu.fr\/dev1\/produit\/polo-homme\/\"]}]},{\"@type\":\"BreadcrumbList\",\"@id\":\"https:\/\/dev.naiakitsu.fr\/dev1\/produit\/polo-homme\/#breadcrumb\",\"itemListElement\":[{\"@type\":\"ListItem\",\"position\":1,\"name\":\"Accueil\",\"item\":\"https:\/\/dev.naiakitsu.fr\/dev1\/\"},{\"@type\":\"ListItem\",\"position\":2,\"name\":\"E-shop\",\"item\":\"https:\/\/dev.naiakitsu.fr\/dev1\/e-shop\/\"},{\"@type\":\"ListItem\",\"position\":3,\"name\":\"* Polo homme\"}]},{\"@type\":\"WebSite\",\"@id\":\"https:\/\/dev.naiakitsu.fr\/dev1\/#website\",\"url\":\"https:\/\/dev.naiakitsu.fr\/dev1\/\",\"name\":\"naiakitsu\",\"description\":\"les basiques audacieux\",\"potentialAction\":[{\"@type\":\"SearchAction\",\"target\":{\"@type\":\"EntryPoint\",\"urlTemplate\":\"https:\/\/dev.naiakitsu.fr\/dev1\/?s={search_term_string}\"},\"query-input\":\"required name=search_term_string\"}],\"inLanguage\":\"fr-FR\"}]}<\/script>\n<!-- \/ Yoast SEO plugin. -->","yoast_head_json":{"title":"* Polo homme - naiakitsu","description":"Ce polo Naiakitsu, en haut de gamme et son concept unique d'accessoires amovibles se faufille partout et passe de l'\u00e9l\u00e9gance \u00e0 la d\u00e9tente. Un polo + des accessoires (cols, capuches, manches, bracelets) = des dizaines de v\u00eatements possibles. en made in France.","robots":{"index":"index","follow":"follow","max-snippet":"max-snippet:-1","max-image-preview":"max-image-preview:large","max-video-preview":"max-video-preview:-1"},"canonical":"https:\/\/dev.naiakitsu.fr\/dev1\/produit\/polo-homme\/","og_locale":"fr_FR","og_type":"article","og_title":"* Polo homme - naiakitsu","og_description":"Ce polo Naiakitsu, en haut de gamme et son concept unique d'accessoires amovibles se faufille partout et passe de l'\u00e9l\u00e9gance \u00e0 la d\u00e9tente. Un polo + des accessoires (cols, capuches, manches, bracelets) = des dizaines de v\u00eatements possibles. en made in France.","og_url":"https:\/\/dev.naiakitsu.fr\/dev1\/produit\/polo-homme\/","og_site_name":"naiakitsu","article_modified_time":"2022-12-13T08:51:04+00:00","og_image":[{"width":1600,"height":1600,"url":"https:\/\/dev.naiakitsu.fr\/dev1\/wp-content\/uploads\/Naiakitsu_IleDeRe_13-14mai2022_AnneBiedPhotographe-293.jpg","type":"image\/jpeg"}],"twitter_card":"summary_large_image","twitter_misc":{"Dur\u00e9e de lecture estim\u00e9e":"1 minute"},"schema":{"@context":"https:\/\/schema.org","@graph":[{"@type":"WebPage","@id":"https:\/\/dev.naiakitsu.fr\/dev1\/produit\/polo-homme\/","url":"https:\/\/dev.naiakitsu.fr\/dev1\/produit\/polo-homme\/","name":"* Polo homme - naiakitsu","isPartOf":{"@id":"https:\/\/dev.naiakitsu.fr\/dev1\/#website"},"datePublished":"2021-10-06T15:17:45+00:00","dateModified":"2022-12-13T08:51:04+00:00","description":"Ce polo Naiakitsu, en haut de gamme et son concept unique d'accessoires amovibles se faufille partout et passe de l'\u00e9l\u00e9gance \u00e0 la d\u00e9tente. Un polo + des accessoires (cols, capuches, manches, bracelets) = des dizaines de v\u00eatements possibles. en made in France.","breadcrumb":{"@id":"https:\/\/dev.naiakitsu.fr\/dev1\/produit\/polo-homme\/#breadcrumb"},"inLanguage":"fr-FR","potentialAction":[{"@type":"ReadAction","target":["https:\/\/dev.naiakitsu.fr\/dev1\/produit\/polo-homme\/"]}]},{"@type":"BreadcrumbList","@id":"https:\/\/dev.naiakitsu.fr\/dev1\/produit\/polo-homme\/#breadcrumb","itemListElement":[{"@type":"ListItem","position":1,"name":"Accueil","item":"https:\/\/dev.naiakitsu.fr\/dev1\/"},{"@type":"ListItem","position":2,"name":"E-shop","item":"https:\/\/dev.naiakitsu.fr\/dev1\/e-shop\/"},{"@type":"ListItem","position":3,"name":"* Polo homme"}]},{"@type":"WebSite","@id":"https:\/\/dev.naiakitsu.fr\/dev1\/#website","url":"https:\/\/dev.naiakitsu.fr\/dev1\/","name":"naiakitsu","description":"les basiques audacieux","potentialAction":[{"@type":"SearchAction","target":{"@type":"EntryPoint","urlTemplate":"https:\/\/dev.naiakitsu.fr\/dev1\/?s={search_term_string}"},"query-input":"required name=search_term_string"}],"inLanguage":"fr-FR"}]}},"_links":{"self":[{"href":"https:\/\/dev.naiakitsu.fr\/dev1\/wp-json\/wp\/v2\/product\/940"}],"collection":[{"href":"https:\/\/dev.naiakitsu.fr\/dev1\/wp-json\/wp\/v2\/product"}],"about":[{"href":"https:\/\/dev.naiakitsu.fr\/dev1\/wp-json\/wp\/v2\/types\/product"}],"wp:featuredmedia":[{"embeddable":true,"href":"https:\/\/dev.naiakitsu.fr\/dev1\/wp-json\/wp\/v2\/media\/15907"}],"wp:attachment":[{"href":"https:\/\/dev.naiakitsu.fr\/dev1\/wp-json\/wp\/v2\/media?parent=940"}],"wp:term":[{"taxonomy":"product_cat","embeddable":true,"href":"https:\/\/dev.naiakitsu.fr\/dev1\/wp-json\/wp\/v2\/product_cat?post=940"},{"taxonomy":"product_tag","embeddable":true,"href":"https:\/\/dev.naiakitsu.fr\/dev1\/wp-json\/wp\/v2\/product_tag?post=940"}],"curies":[{"name":"wp","href":"https:\/\/api.w.org\/{rel}","templated":true}]}}