{"id":922,"date":"2021-10-06T17:12:41","date_gmt":"2021-10-06T15:12:41","guid":{"rendered":"https:\/\/www.naiakitsu.fr\/?post_type=product&#038;p=922"},"modified":"2023-01-30T15:43:58","modified_gmt":"2023-01-30T14:43:58","slug":"capuche-sweat-capuche","status":"publish","type":"product","link":"https:\/\/dev.naiakitsu.fr\/dev1\/produit\/capuche-sweat-capuche\/","title":{"rendered":"Capuche amovible pour Sweat Capuche"},"content":{"rendered":"<p>Changer votre capuche de votre sweat Capuche au gr\u00e9 de vos envies et jouez avec les couleurs pour cr\u00e9er votre style, c&#8217;est Naiakitsu !<\/p>\n<p>Nos capuches sont doubl\u00e9es en molleton brillant pour une finition \u00e9l\u00e9gante et un confort ind\u00e9niable.<\/p>\n<p>La capuche se zippe gr\u00e2ce \u00e0 ses fermetures \u00e0 glissi\u00e8res sur l&#8217;encolure du sweat.<\/p>\n<p>Le sweat est vendu s\u00e9par\u00e9ment.<\/p>\n<p>N&#8217;h\u00e9sitez pas \u00e0 vous inspirer de nos packs d\u00e9j\u00e0 constitu\u00e9s ou cr\u00e9ez votre propre version avec notre configurateur 3D.<\/p>\n","protected":false},"excerpt":{"rendered":"<p>Changer votre capuche de votre sweat Capuche au gr\u00e9 de vos envies et jouez avec les couleurs pour cr\u00e9er votre style, c&#8217;est Naiakitsu ! Nos capuches sont doubl\u00e9es en molleton brillant pour une finition \u00e9l\u00e9gante et un confort ind\u00e9niable. La capuche se zippe gr\u00e2ce \u00e0 ses fermetures \u00e0 glissi\u00e8res sur l&#8217;encolure du sweat. Le sweat [&hellip;]<\/p>\n","protected":false},"featured_media":6981,"template":"","meta":[],"product_cat":[15,128,34,178],"product_tag":[],"composite_virtual":false,"composite_layout":"","composite_add_to_cart_form_location":"","composite_editable_in_cart":false,"composite_sold_individually_context":"","composite_shop_price_calc":"","composite_components":[],"composite_scenarios":[],"bundled_by":[],"bundle_stock_status":"instock","bundle_stock_quantity":null,"bundle_virtual":false,"bundle_layout":"","bundle_add_to_cart_form_location":"","bundle_editable_in_cart":false,"bundle_sold_individually_context":"","bundle_item_grouping":"","bundle_min_size":"","bundle_max_size":"","bundled_items":[],"acf":[],"yoast_head":"<!-- This site is optimized with the Yoast SEO plugin v19.10 - https:\/\/yoast.com\/wordpress\/plugins\/seo\/ -->\n<title>Capuche amovible pour Sweat Capuche - naiakitsu<\/title>\n<meta name=\"description\" content=\"Retrouvez ici la capuche amovible zipp\u00e9e qui s&#039;adapte \u00e0 tous les sweats capcuhe mixte Naiakitsu dans ses 4 coloris.\" \/>\n<meta name=\"robots\" content=\"index, follow, max-snippet:-1, max-image-preview:large, max-video-preview:-1\" \/>\n<link rel=\"canonical\" href=\"https:\/\/dev.naiakitsu.fr\/dev1\/produit\/capuche-sweat-capuche\/\" \/>\n<meta property=\"og:locale\" content=\"fr_FR\" \/>\n<meta property=\"og:type\" content=\"article\" \/>\n<meta property=\"og:title\" content=\"Capuche amovible pour Sweat Capuche - naiakitsu\" \/>\n<meta property=\"og:description\" content=\"Retrouvez ici la capuche amovible zipp\u00e9e qui s&#039;adapte \u00e0 tous les sweats capcuhe mixte Naiakitsu dans ses 4 coloris.\" \/>\n<meta property=\"og:url\" content=\"https:\/\/dev.naiakitsu.fr\/dev1\/produit\/capuche-sweat-capuche\/\" \/>\n<meta property=\"og:site_name\" content=\"naiakitsu\" \/>\n<meta property=\"article:modified_time\" content=\"2023-01-30T14:43:58+00:00\" \/>\n<meta property=\"og:image\" content=\"https:\/\/dev.naiakitsu.fr\/dev1\/wp-content\/uploads\/4-capuches-SWC-1-scaled.jpg\" \/>\n\t<meta property=\"og:image:width\" content=\"2560\" \/>\n\t<meta property=\"og:image:height\" content=\"1920\" \/>\n\t<meta property=\"og:image:type\" content=\"image\/jpeg\" \/>\n<meta name=\"twitter:card\" content=\"summary_large_image\" \/>\n<meta name=\"twitter:label1\" content=\"Dur\u00e9e de lecture estim\u00e9e\" \/>\n\t<meta name=\"twitter:data1\" content=\"1 minute\" \/>\n<script type=\"application\/ld+json\" class=\"yoast-schema-graph\">{\"@context\":\"https:\/\/schema.org\",\"@graph\":[{\"@type\":\"WebPage\",\"@id\":\"https:\/\/dev.naiakitsu.fr\/dev1\/produit\/capuche-sweat-capuche\/\",\"url\":\"https:\/\/dev.naiakitsu.fr\/dev1\/produit\/capuche-sweat-capuche\/\",\"name\":\"Capuche amovible pour Sweat Capuche - naiakitsu\",\"isPartOf\":{\"@id\":\"https:\/\/dev.naiakitsu.fr\/dev1\/#website\"},\"datePublished\":\"2021-10-06T15:12:41+00:00\",\"dateModified\":\"2023-01-30T14:43:58+00:00\",\"description\":\"Retrouvez ici la capuche amovible zipp\u00e9e qui s'adapte \u00e0 tous les sweats capcuhe mixte Naiakitsu dans ses 4 coloris.\",\"breadcrumb\":{\"@id\":\"https:\/\/dev.naiakitsu.fr\/dev1\/produit\/capuche-sweat-capuche\/#breadcrumb\"},\"inLanguage\":\"fr-FR\",\"potentialAction\":[{\"@type\":\"ReadAction\",\"target\":[\"https:\/\/dev.naiakitsu.fr\/dev1\/produit\/capuche-sweat-capuche\/\"]}]},{\"@type\":\"BreadcrumbList\",\"@id\":\"https:\/\/dev.naiakitsu.fr\/dev1\/produit\/capuche-sweat-capuche\/#breadcrumb\",\"itemListElement\":[{\"@type\":\"ListItem\",\"position\":1,\"name\":\"Accueil\",\"item\":\"https:\/\/dev.naiakitsu.fr\/dev1\/\"},{\"@type\":\"ListItem\",\"position\":2,\"name\":\"E-shop\",\"item\":\"https:\/\/dev.naiakitsu.fr\/dev1\/e-shop\/\"},{\"@type\":\"ListItem\",\"position\":3,\"name\":\"Capuche amovible pour Sweat Capuche\"}]},{\"@type\":\"WebSite\",\"@id\":\"https:\/\/dev.naiakitsu.fr\/dev1\/#website\",\"url\":\"https:\/\/dev.naiakitsu.fr\/dev1\/\",\"name\":\"naiakitsu\",\"description\":\"les basiques audacieux\",\"potentialAction\":[{\"@type\":\"SearchAction\",\"target\":{\"@type\":\"EntryPoint\",\"urlTemplate\":\"https:\/\/dev.naiakitsu.fr\/dev1\/?s={search_term_string}\"},\"query-input\":\"required name=search_term_string\"}],\"inLanguage\":\"fr-FR\"}]}<\/script>\n<!-- \/ Yoast SEO plugin. -->","yoast_head_json":{"title":"Capuche amovible pour Sweat Capuche - naiakitsu","description":"Retrouvez ici la capuche amovible zipp\u00e9e qui s'adapte \u00e0 tous les sweats capcuhe mixte Naiakitsu dans ses 4 coloris.","robots":{"index":"index","follow":"follow","max-snippet":"max-snippet:-1","max-image-preview":"max-image-preview:large","max-video-preview":"max-video-preview:-1"},"canonical":"https:\/\/dev.naiakitsu.fr\/dev1\/produit\/capuche-sweat-capuche\/","og_locale":"fr_FR","og_type":"article","og_title":"Capuche amovible pour Sweat Capuche - naiakitsu","og_description":"Retrouvez ici la capuche amovible zipp\u00e9e qui s'adapte \u00e0 tous les sweats capcuhe mixte Naiakitsu dans ses 4 coloris.","og_url":"https:\/\/dev.naiakitsu.fr\/dev1\/produit\/capuche-sweat-capuche\/","og_site_name":"naiakitsu","article_modified_time":"2023-01-30T14:43:58+00:00","og_image":[{"width":2560,"height":1920,"url":"https:\/\/dev.naiakitsu.fr\/dev1\/wp-content\/uploads\/4-capuches-SWC-1-scaled.jpg","type":"image\/jpeg"}],"twitter_card":"summary_large_image","twitter_misc":{"Dur\u00e9e de lecture estim\u00e9e":"1 minute"},"schema":{"@context":"https:\/\/schema.org","@graph":[{"@type":"WebPage","@id":"https:\/\/dev.naiakitsu.fr\/dev1\/produit\/capuche-sweat-capuche\/","url":"https:\/\/dev.naiakitsu.fr\/dev1\/produit\/capuche-sweat-capuche\/","name":"Capuche amovible pour Sweat Capuche - naiakitsu","isPartOf":{"@id":"https:\/\/dev.naiakitsu.fr\/dev1\/#website"},"datePublished":"2021-10-06T15:12:41+00:00","dateModified":"2023-01-30T14:43:58+00:00","description":"Retrouvez ici la capuche amovible zipp\u00e9e qui s'adapte \u00e0 tous les sweats capcuhe mixte Naiakitsu dans ses 4 coloris.","breadcrumb":{"@id":"https:\/\/dev.naiakitsu.fr\/dev1\/produit\/capuche-sweat-capuche\/#breadcrumb"},"inLanguage":"fr-FR","potentialAction":[{"@type":"ReadAction","target":["https:\/\/dev.naiakitsu.fr\/dev1\/produit\/capuche-sweat-capuche\/"]}]},{"@type":"BreadcrumbList","@id":"https:\/\/dev.naiakitsu.fr\/dev1\/produit\/capuche-sweat-capuche\/#breadcrumb","itemListElement":[{"@type":"ListItem","position":1,"name":"Accueil","item":"https:\/\/dev.naiakitsu.fr\/dev1\/"},{"@type":"ListItem","position":2,"name":"E-shop","item":"https:\/\/dev.naiakitsu.fr\/dev1\/e-shop\/"},{"@type":"ListItem","position":3,"name":"Capuche amovible pour Sweat Capuche"}]},{"@type":"WebSite","@id":"https:\/\/dev.naiakitsu.fr\/dev1\/#website","url":"https:\/\/dev.naiakitsu.fr\/dev1\/","name":"naiakitsu","description":"les basiques audacieux","potentialAction":[{"@type":"SearchAction","target":{"@type":"EntryPoint","urlTemplate":"https:\/\/dev.naiakitsu.fr\/dev1\/?s={search_term_string}"},"query-input":"required name=search_term_string"}],"inLanguage":"fr-FR"}]}},"_links":{"self":[{"href":"https:\/\/dev.naiakitsu.fr\/dev1\/wp-json\/wp\/v2\/product\/922"}],"collection":[{"href":"https:\/\/dev.naiakitsu.fr\/dev1\/wp-json\/wp\/v2\/product"}],"about":[{"href":"https:\/\/dev.naiakitsu.fr\/dev1\/wp-json\/wp\/v2\/types\/product"}],"wp:featuredmedia":[{"embeddable":true,"href":"https:\/\/dev.naiakitsu.fr\/dev1\/wp-json\/wp\/v2\/media\/6981"}],"wp:attachment":[{"href":"https:\/\/dev.naiakitsu.fr\/dev1\/wp-json\/wp\/v2\/media?parent=922"}],"wp:term":[{"taxonomy":"product_cat","embeddable":true,"href":"https:\/\/dev.naiakitsu.fr\/dev1\/wp-json\/wp\/v2\/product_cat?post=922"},{"taxonomy":"product_tag","embeddable":true,"href":"https:\/\/dev.naiakitsu.fr\/dev1\/wp-json\/wp\/v2\/product_tag?post=922"}],"curies":[{"name":"wp","href":"https:\/\/api.w.org\/{rel}","templated":true}]}}