{"id":1005,"date":"2021-10-06T17:22:14","date_gmt":"2021-10-06T15:22:14","guid":{"rendered":"https:\/\/www.naiakitsu.fr\/?post_type=product&#038;p=1005"},"modified":"2023-01-31T16:40:27","modified_gmt":"2023-01-31T15:40:27","slug":"tshirt-homme","status":"publish","type":"product","link":"https:\/\/dev.naiakitsu.fr\/dev1\/produit\/tshirt-homme\/","title":{"rendered":"* T-shirt homme"},"content":{"rendered":"<p>Votre T-Shirt &#8220;BIO&#8221; Naiakitsu est un basique incontournable.<\/p>\n<p>Un petit coup de froid, ajoutez des manches longues au t-shirt. Envie d&#8217;une version sportswear, ajoutez une capuche ! Envie de vraiment jouer avec les mati\u00e8res et les formes : boutonnez le col du polo,\u00a0 le col de la chemise, la capuche de la mani\u00e8re, les manches longues ou les bracelets ! A vous de jouer.<\/p>\n<p>Si vous voulez ajouter des accessoires dans le panier, retournez \u00e0 la boutique. Sinon, vous pouvez allez voir les packs que nous avons cr\u00e9\u00e9s pour vous, ou cr\u00e9ez votre T-Shirt avec les accessoires de votre choix \u00e0 l&#8217;aide de notre configurateur 3D.<\/p>\n","protected":false},"excerpt":{"rendered":"<p>Votre T-Shirt &#8220;BIO&#8221; Naiakitsu est un basique incontournable. Un petit coup de froid, ajoutez des manches longues au t-shirt. Envie d&#8217;une version sportswear, ajoutez une capuche ! Envie de vraiment jouer avec les mati\u00e8res et les formes : boutonnez le col du polo,\u00a0 le col de la chemise, la capuche de la mani\u00e8re, les manches [&hellip;]<\/p>\n","protected":false},"featured_media":18415,"template":"","meta":[],"product_cat":[15,37],"product_tag":[],"composite_virtual":false,"composite_layout":"","composite_add_to_cart_form_location":"","composite_editable_in_cart":false,"composite_sold_individually_context":"","composite_shop_price_calc":"","composite_components":[],"composite_scenarios":[],"bundled_by":[],"bundle_stock_status":"instock","bundle_stock_quantity":null,"bundle_virtual":false,"bundle_layout":"","bundle_add_to_cart_form_location":"","bundle_editable_in_cart":false,"bundle_sold_individually_context":"","bundle_item_grouping":"","bundle_min_size":"","bundle_max_size":"","bundled_items":[],"acf":[],"yoast_head":"<!-- This site is optimized with the Yoast SEO plugin v19.10 - https:\/\/yoast.com\/wordpress\/plugins\/seo\/ -->\n<title>* T-shirt homme - naiakitsu<\/title>\n<meta name=\"description\" content=\"Un concept bas\u00e9 sur l&#039;ajout d&#039;accessoires pour casser les codes des T-Shirt, une broderie discr\u00e8te et engag\u00e9e c&#039;est le concept de Naiakitsu !\" \/>\n<meta name=\"robots\" content=\"index, follow, max-snippet:-1, max-image-preview:large, max-video-preview:-1\" \/>\n<link rel=\"canonical\" href=\"https:\/\/dev.naiakitsu.fr\/dev1\/produit\/tshirt-homme\/\" \/>\n<meta property=\"og:locale\" content=\"fr_FR\" \/>\n<meta property=\"og:type\" content=\"article\" \/>\n<meta property=\"og:title\" content=\"* T-shirt homme - naiakitsu\" \/>\n<meta property=\"og:description\" content=\"Un concept bas\u00e9 sur l&#039;ajout d&#039;accessoires pour casser les codes des T-Shirt, une broderie discr\u00e8te et engag\u00e9e c&#039;est le concept de Naiakitsu !\" \/>\n<meta property=\"og:url\" content=\"https:\/\/dev.naiakitsu.fr\/dev1\/produit\/tshirt-homme\/\" \/>\n<meta property=\"og:site_name\" content=\"naiakitsu\" \/>\n<meta property=\"article:modified_time\" content=\"2023-01-31T15:40:27+00:00\" \/>\n<meta property=\"og:image\" content=\"https:\/\/dev.naiakitsu.fr\/dev1\/wp-content\/uploads\/T-shirt_homme_made-in-france.jpg\" \/>\n\t<meta property=\"og:image:width\" content=\"1000\" \/>\n\t<meta property=\"og:image:height\" content=\"1000\" \/>\n\t<meta property=\"og:image:type\" content=\"image\/jpeg\" \/>\n<meta name=\"twitter:card\" content=\"summary_large_image\" \/>\n<meta name=\"twitter:label1\" content=\"Dur\u00e9e de lecture estim\u00e9e\" \/>\n\t<meta name=\"twitter:data1\" content=\"1 minute\" \/>\n<script type=\"application\/ld+json\" class=\"yoast-schema-graph\">{\"@context\":\"https:\/\/schema.org\",\"@graph\":[{\"@type\":\"WebPage\",\"@id\":\"https:\/\/dev.naiakitsu.fr\/dev1\/produit\/tshirt-homme\/\",\"url\":\"https:\/\/dev.naiakitsu.fr\/dev1\/produit\/tshirt-homme\/\",\"name\":\"* T-shirt homme - naiakitsu\",\"isPartOf\":{\"@id\":\"https:\/\/dev.naiakitsu.fr\/dev1\/#website\"},\"datePublished\":\"2021-10-06T15:22:14+00:00\",\"dateModified\":\"2023-01-31T15:40:27+00:00\",\"description\":\"Un concept bas\u00e9 sur l'ajout d'accessoires pour casser les codes des T-Shirt, une broderie discr\u00e8te et engag\u00e9e c'est le concept de Naiakitsu !\",\"breadcrumb\":{\"@id\":\"https:\/\/dev.naiakitsu.fr\/dev1\/produit\/tshirt-homme\/#breadcrumb\"},\"inLanguage\":\"fr-FR\",\"potentialAction\":[{\"@type\":\"ReadAction\",\"target\":[\"https:\/\/dev.naiakitsu.fr\/dev1\/produit\/tshirt-homme\/\"]}]},{\"@type\":\"BreadcrumbList\",\"@id\":\"https:\/\/dev.naiakitsu.fr\/dev1\/produit\/tshirt-homme\/#breadcrumb\",\"itemListElement\":[{\"@type\":\"ListItem\",\"position\":1,\"name\":\"Accueil\",\"item\":\"https:\/\/dev.naiakitsu.fr\/dev1\/\"},{\"@type\":\"ListItem\",\"position\":2,\"name\":\"E-shop\",\"item\":\"https:\/\/dev.naiakitsu.fr\/dev1\/e-shop\/\"},{\"@type\":\"ListItem\",\"position\":3,\"name\":\"* T-shirt homme\"}]},{\"@type\":\"WebSite\",\"@id\":\"https:\/\/dev.naiakitsu.fr\/dev1\/#website\",\"url\":\"https:\/\/dev.naiakitsu.fr\/dev1\/\",\"name\":\"naiakitsu\",\"description\":\"les basiques audacieux\",\"potentialAction\":[{\"@type\":\"SearchAction\",\"target\":{\"@type\":\"EntryPoint\",\"urlTemplate\":\"https:\/\/dev.naiakitsu.fr\/dev1\/?s={search_term_string}\"},\"query-input\":\"required name=search_term_string\"}],\"inLanguage\":\"fr-FR\"}]}<\/script>\n<!-- \/ Yoast SEO plugin. -->","yoast_head_json":{"title":"* T-shirt homme - naiakitsu","description":"Un concept bas\u00e9 sur l'ajout d'accessoires pour casser les codes des T-Shirt, une broderie discr\u00e8te et engag\u00e9e c'est le concept de Naiakitsu !","robots":{"index":"index","follow":"follow","max-snippet":"max-snippet:-1","max-image-preview":"max-image-preview:large","max-video-preview":"max-video-preview:-1"},"canonical":"https:\/\/dev.naiakitsu.fr\/dev1\/produit\/tshirt-homme\/","og_locale":"fr_FR","og_type":"article","og_title":"* T-shirt homme - naiakitsu","og_description":"Un concept bas\u00e9 sur l'ajout d'accessoires pour casser les codes des T-Shirt, une broderie discr\u00e8te et engag\u00e9e c'est le concept de Naiakitsu !","og_url":"https:\/\/dev.naiakitsu.fr\/dev1\/produit\/tshirt-homme\/","og_site_name":"naiakitsu","article_modified_time":"2023-01-31T15:40:27+00:00","og_image":[{"width":1000,"height":1000,"url":"https:\/\/dev.naiakitsu.fr\/dev1\/wp-content\/uploads\/T-shirt_homme_made-in-france.jpg","type":"image\/jpeg"}],"twitter_card":"summary_large_image","twitter_misc":{"Dur\u00e9e de lecture estim\u00e9e":"1 minute"},"schema":{"@context":"https:\/\/schema.org","@graph":[{"@type":"WebPage","@id":"https:\/\/dev.naiakitsu.fr\/dev1\/produit\/tshirt-homme\/","url":"https:\/\/dev.naiakitsu.fr\/dev1\/produit\/tshirt-homme\/","name":"* T-shirt homme - naiakitsu","isPartOf":{"@id":"https:\/\/dev.naiakitsu.fr\/dev1\/#website"},"datePublished":"2021-10-06T15:22:14+00:00","dateModified":"2023-01-31T15:40:27+00:00","description":"Un concept bas\u00e9 sur l'ajout d'accessoires pour casser les codes des T-Shirt, une broderie discr\u00e8te et engag\u00e9e c'est le concept de Naiakitsu !","breadcrumb":{"@id":"https:\/\/dev.naiakitsu.fr\/dev1\/produit\/tshirt-homme\/#breadcrumb"},"inLanguage":"fr-FR","potentialAction":[{"@type":"ReadAction","target":["https:\/\/dev.naiakitsu.fr\/dev1\/produit\/tshirt-homme\/"]}]},{"@type":"BreadcrumbList","@id":"https:\/\/dev.naiakitsu.fr\/dev1\/produit\/tshirt-homme\/#breadcrumb","itemListElement":[{"@type":"ListItem","position":1,"name":"Accueil","item":"https:\/\/dev.naiakitsu.fr\/dev1\/"},{"@type":"ListItem","position":2,"name":"E-shop","item":"https:\/\/dev.naiakitsu.fr\/dev1\/e-shop\/"},{"@type":"ListItem","position":3,"name":"* T-shirt homme"}]},{"@type":"WebSite","@id":"https:\/\/dev.naiakitsu.fr\/dev1\/#website","url":"https:\/\/dev.naiakitsu.fr\/dev1\/","name":"naiakitsu","description":"les basiques audacieux","potentialAction":[{"@type":"SearchAction","target":{"@type":"EntryPoint","urlTemplate":"https:\/\/dev.naiakitsu.fr\/dev1\/?s={search_term_string}"},"query-input":"required name=search_term_string"}],"inLanguage":"fr-FR"}]}},"_links":{"self":[{"href":"https:\/\/dev.naiakitsu.fr\/dev1\/wp-json\/wp\/v2\/product\/1005"}],"collection":[{"href":"https:\/\/dev.naiakitsu.fr\/dev1\/wp-json\/wp\/v2\/product"}],"about":[{"href":"https:\/\/dev.naiakitsu.fr\/dev1\/wp-json\/wp\/v2\/types\/product"}],"wp:featuredmedia":[{"embeddable":true,"href":"https:\/\/dev.naiakitsu.fr\/dev1\/wp-json\/wp\/v2\/media\/18415"}],"wp:attachment":[{"href":"https:\/\/dev.naiakitsu.fr\/dev1\/wp-json\/wp\/v2\/media?parent=1005"}],"wp:term":[{"taxonomy":"product_cat","embeddable":true,"href":"https:\/\/dev.naiakitsu.fr\/dev1\/wp-json\/wp\/v2\/product_cat?post=1005"},{"taxonomy":"product_tag","embeddable":true,"href":"https:\/\/dev.naiakitsu.fr\/dev1\/wp-json\/wp\/v2\/product_tag?post=1005"}],"curies":[{"name":"wp","href":"https:\/\/api.w.org\/{rel}","templated":true}]}}